{"id":410,"date":"2019-11-02T19:21:17","date_gmt":"2019-11-02T18:21:17","guid":{"rendered":"http:\/\/ecactriathlon.fr\/?page_id=410"},"modified":"2025-11-06T18:57:51","modified_gmt":"2025-11-06T17:57:51","slug":"entrainements","status":"publish","type":"page","link":"https:\/\/ecactriathlon.fr\/index.php\/la-vie-du-club\/entrainements\/","title":{"rendered":"Entrainements"},"content":{"rendered":"\n<p> Planning des entra\u00eenements du lundi au samedi ( Natation, CAP, V\u00e9lo) <\/p>\n\n\n\n<figure class=\"wp-block-table is-style-stripes\"><table><tbody><tr><td class=\"has-text-align-center\" data-align=\"center\">&nbsp;<\/td><td class=\"has-text-align-center\" data-align=\"center\">Quoi ?<\/td><td class=\"has-text-align-center\" data-align=\"center\">Qui ?<\/td><td><\/td><td class=\"has-text-align-center\" data-align=\"center\">Quand ?<\/td><td><\/td><td class=\"has-text-align-center\" data-align=\"center\">o\u00f9 ?<\/td><td><\/td><td><\/td><td><\/td><td><\/td><td><\/td><\/tr><tr><td class=\"has-text-align-center\" data-align=\"center\">Lundi<\/td><td class=\"has-text-align-center\" data-align=\"center\"><span class=\"has-inline-color has-vivid-cyan-blue-color\">Natation<\/span><\/td><td class=\"has-text-align-center\" data-align=\"center\">Ecole de Triathlon<\/td><td><\/td><td class=\"has-text-align-center\" data-align=\"center\">17h: 2015-2018 <br>18h:&nbsp; 2011-2014 <br>19h: 2008-2010<\/td><td><\/td><td class=\"has-text-align-center\" data-align=\"center\">Palestra<\/td><td><\/td><td><\/td><td><\/td><td><\/td><td><\/td><\/tr><tr><td class=\"has-text-align-center\" data-align=\"center\">Mardi<\/td><td class=\"has-text-align-center\" data-align=\"center\"><span class=\"has-inline-color has-vivid-cyan-blue-color\">Natation<\/span><\/td><td class=\"has-text-align-center\" data-align=\"center\">Adultes <strong>comp\u00e9tition <\/strong>et <strong>loisir<\/strong><\/td><td><\/td><td class=\"has-text-align-center\" data-align=\"center\">12h10-13h40<\/td><td><\/td><td class=\"has-text-align-center\" data-align=\"center\">Palestra<\/td><td><\/td><td><\/td><td><\/td><td><\/td><td><\/td><\/tr><tr><td class=\"has-text-align-center\" data-align=\"center\"><\/td><td class=\"has-text-align-center\" data-align=\"center\"> <span class=\"has-inline-color has-luminous-vivid-orange-color\">Course \u00e0 pied <\/span><\/td><td class=\"has-text-align-center\" data-align=\"center\"> Ecole triathlon 2012-2015&nbsp;&nbsp;&nbsp;&nbsp; &nbsp;&nbsp;&nbsp;<br> Adultes + 2007-2011 <\/td><td><\/td><td class=\"has-text-align-center\" data-align=\"center\">17h30-18h30<br>     18h30-19h30                <\/td><td><\/td><td class=\"has-text-align-center\" data-align=\"center\">Parking Lyc\u00e9e Bouchardon<\/td><td><\/td><td><\/td><td><\/td><td><\/td><td><\/td><\/tr><tr><td class=\"has-text-align-center\" data-align=\"center\">Mercredi     <\/td><td class=\"has-text-align-center\" data-align=\"center\"><span class=\"has-inline-color has-vivid-green-cyan-color\">Course \u00e0 pied+v\u00e9lo<\/span><\/td><td class=\"has-text-align-center\" data-align=\"center\">Cap + v\u00e9lo pour les 2016-2018 <br>V\u00e9lo&nbsp; pour les 2008-2015<\/td><td><\/td><td class=\"has-text-align-center\" data-align=\"center\">13h30-14h45 <br>14h45-16h15<\/td><td><\/td><td class=\"has-text-align-center\" data-align=\"center\">Stade Daniel Louis<\/td><td><\/td><td><\/td><td><\/td><td><\/td><td><\/td><\/tr><tr><td class=\"has-text-align-center\" data-align=\"center\"><\/td><td class=\"has-text-align-center\" data-align=\"center\"><span class=\"has-inline-color has-vivid-cyan-blue-color\">Natation<\/span><\/td><td class=\"has-text-align-center\" data-align=\"center\"> Adultes et jeunes <strong>comp\u00e9tition <\/strong>(d\u00e9s&nbsp; 2012) <\/td><td><\/td><td class=\"has-text-align-center\" data-align=\"center\"> 18h-20h <\/td><td><\/td><td class=\"has-text-align-center\" data-align=\"center\">Palestra<\/td><td><\/td><td><\/td><td><\/td><td><\/td><td><\/td><\/tr><tr><td class=\"has-text-align-center\" data-align=\"center\">Jeudi<\/td><td class=\"has-text-align-center\" data-align=\"center\"><span class=\"has-inline-color has-vivid-cyan-blue-color\">Natation<\/span><\/td><td class=\"has-text-align-center\" data-align=\"center\">Benjamins \/&nbsp; minimes <strong>comp\u00e9tition<\/strong> Cadets\/ juniors \/adultes <strong>comp\u00e9tition<\/strong><\/td><td><\/td><td class=\"has-text-align-center\" data-align=\"center\">17h30-18h30 <br>18h30-20h<\/td><td><\/td><td class=\"has-text-align-center\" data-align=\"center\">Palestra<\/td><td><\/td><td><\/td><td><\/td><td><\/td><td><\/td><\/tr><tr><td class=\"has-text-align-center\" data-align=\"center\">Vendredi<\/td><td class=\"has-text-align-center\" data-align=\"center\"><span class=\"has-inline-color has-vivid-cyan-blue-color\">Natation<\/span><\/td><td class=\"has-text-align-center\" data-align=\"center\">Adultes <strong>comp\u00e9tition<\/strong> et <strong>loisir<\/strong><\/td><td><\/td><td class=\"has-text-align-center\" data-align=\"center\">12h10-13h40<\/td><td><\/td><td class=\"has-text-align-center\" data-align=\"center\">Palestra<\/td><td><\/td><td><\/td><td><\/td><td><\/td><td><\/td><\/tr><tr><td class=\"has-text-align-center\" data-align=\"center\"><\/td><td class=\"has-text-align-center\" data-align=\"center\"><span class=\"has-inline-color has-luminous-vivid-orange-color\">Course \u00e0 pied <\/span><\/td><td class=\"has-text-align-center\" data-align=\"center\"> Ecole de triathlon + adultes comp + loisir <\/td><td><\/td><td class=\"has-text-align-center\" data-align=\"center\"> 18h-19h <\/td><td><\/td><td class=\"has-text-align-center\" data-align=\"center\">Parking lyc\u00e9e Bouchardon<\/td><td><\/td><td><\/td><td><\/td><td><\/td><td><\/td><\/tr><tr><td class=\"has-text-align-center\" data-align=\"center\">Samedi<\/td><td class=\"has-text-align-center\" data-align=\"center\"><span class=\"has-inline-color has-vivid-cyan-blue-color\">Natation<\/span><\/td><td class=\"has-text-align-center\" data-align=\"center\">Adultes comp\u00e9titions + cadets \/ juniors<\/td><td><\/td><td class=\"has-text-align-center\" data-align=\"center\"> 8h-9h15<\/td><td><\/td><td class=\"has-text-align-center\" data-align=\"center\">Palestra<\/td><td><\/td><td><\/td><td><\/td><td><\/td><td><\/td><\/tr><tr><td class=\"has-text-align-center\" data-align=\"center\"><\/td><td class=\"has-text-align-center\" data-align=\"center\"><span class=\"has-inline-color has-vivid-cyan-blue-color\">Natation<\/span><\/td><td class=\"has-text-align-center\" data-align=\"center\"> Adultes loisirs <\/td><td><\/td><td class=\"has-text-align-center\" data-align=\"center\"> 9h15-10h15 <\/td><td><\/td><td class=\"has-text-align-center\" data-align=\"center\"><\/td><td><\/td><td><\/td><td><\/td><td><\/td><td><\/td><\/tr><tr><td class=\"has-text-align-center\" data-align=\"center\"><\/td><td class=\"has-text-align-center\" data-align=\"center\"><span class=\"has-inline-color has-vivid-cyan-blue-color\">Natation<\/span><\/td><td class=\"has-text-align-center\" data-align=\"center\"> Benjamins \/ minimes (2011-2014) <br>Poussins \/ pupilles (2015-2018) <\/td><td><\/td><td class=\"has-text-align-center\" data-align=\"center\">10h15-11h40<br>11h30-12h30<\/td><td><\/td><td class=\"has-text-align-center\" data-align=\"center\"><\/td><td><\/td><td><\/td><td><\/td><td><\/td><td><\/td><\/tr><tr><td class=\"has-text-align-center\" data-align=\"center\"><\/td><td class=\"has-text-align-center\" data-align=\"center\"><span class=\"has-inline-color has-vivid-green-cyan-color\">V\u00e9lo<\/span><\/td><td class=\"has-text-align-center\" data-align=\"center\"> Adultes comp\u00e9tition + loisir <\/td><td><\/td><td class=\"has-text-align-center\" data-align=\"center\">14h-16h<\/td><td><\/td><td class=\"has-text-align-center\" data-align=\"center\">Parking B&amp;B Hotel<\/td><td><\/td><td><\/td><td><\/td><td><\/td><td><\/td><\/tr><\/tbody><\/table><\/figure>\n\n\n\n<p><\/p>\n","protected":false},"excerpt":{"rendered":"<p>Planning des entra\u00eenements du lundi au samedi ( Natation, CAP, V\u00e9lo) &nbsp; Quoi ? Qui ? Quand ? o\u00f9 ? Lundi Natation Ecole de Triathlon 17h: 2015-2018 18h:&nbsp; 2011-2014 19h: 2008-2010 Palestra Mardi Natation Adultes comp\u00e9tition et loisir 12h10-13h40 Palestra Course \u00e0 pied Ecole triathlon 2012-2015&nbsp;&nbsp;&nbsp;&nbsp; &nbsp;&nbsp;&nbsp; Adultes + 2007-2011 17h30-18h30 18h30-19h30 Parking Lyc\u00e9e Bouchardon [&hellip;]<\/p>\n","protected":false},"author":1,"featured_media":0,"parent":25,"menu_order":0,"comment_status":"closed","ping_status":"closed","template":"","meta":[],"_links":{"self":[{"href":"https:\/\/ecactriathlon.fr\/index.php\/wp-json\/wp\/v2\/pages\/410"}],"collection":[{"href":"https:\/\/ecactriathlon.fr\/index.php\/wp-json\/wp\/v2\/pages"}],"about":[{"href":"https:\/\/ecactriathlon.fr\/index.php\/wp-json\/wp\/v2\/types\/page"}],"author":[{"embeddable":true,"href":"https:\/\/ecactriathlon.fr\/index.php\/wp-json\/wp\/v2\/users\/1"}],"replies":[{"embeddable":true,"href":"https:\/\/ecactriathlon.fr\/index.php\/wp-json\/wp\/v2\/comments?post=410"}],"version-history":[{"count":6,"href":"https:\/\/ecactriathlon.fr\/index.php\/wp-json\/wp\/v2\/pages\/410\/revisions"}],"predecessor-version":[{"id":1245,"href":"https:\/\/ecactriathlon.fr\/index.php\/wp-json\/wp\/v2\/pages\/410\/revisions\/1245"}],"up":[{"embeddable":true,"href":"https:\/\/ecactriathlon.fr\/index.php\/wp-json\/wp\/v2\/pages\/25"}],"wp:attachment":[{"href":"https:\/\/ecactriathlon.fr\/index.php\/wp-json\/wp\/v2\/media?parent=410"}],"curies":[{"name":"wp","href":"https:\/\/api.w.org\/{rel}","templated":true}]}}